1
Let g = 53 + -26. Let w be (-102)/g*3*-3. Suppose -3*i + w = -i. Calculate the remainder when 49 is divided by i.
15
Let i(y) = 2*y**2 + 8*y + 2. Suppose -2*f = 3*p - 174 + 65, 5*p = -4*f + 219. Suppose 5*a - f = a. Calculate the remainder when i(-6) is divided by a.
12
Suppose -98 = -2*a + 32. What is the remainder when a is divided by 17?
14
Let a = -5 + 16. Calculate the remainder when 31 is divided by a.
9
Suppose 0 = 3*j + 2*s - 229, -s - 273 = -3*j - 41. What is the remainder when j is divided by 16?
13
Let u(o) = o**3 - 3*o**2 - 7*o - 1. Let q be 3/(-2)*8/(-6). Calculate the remainder when 8*q*52/32 is divided by u(5).
12
Let x = 117 + -90. Calculate the remainder when x is divided by 2/3 + (-140)/(-15).
7
Let q(l) = l**2 + l + 15. Let a be q(0). Suppose -x + a = 4*x. Calculate the remainder when (14 - 2) + x/1 is divided by 8.
7
Let g(s) = -s**2 + 8*s - 8. Let f be g(6). Let q be 3/(3 + 0) + f. Suppose -l - 2*l = q*v - 49, 63 = 5*v - 4*l. What is the remainder when 32 is divided by v?
10
Let a = -29 + 48. Suppose 2*y = 41 + 69. Calculate the remainder when y is divided by a.
17
Calculate the remainder when 18 is divided by (-14)/(-3) - (-10)/(-15).
2
Let o(l) = l**2 + 5*l - 6. Calculate the remainder when 161 is divided by o(3).
17
Suppose 0*s + 30 = 2*s. What is the remainder when 57 is divided by s?
12
Let m be (16/12)/((-1)/(-3)). Suppose -194 = -m*v - 14. What is the remainder when v is divided by 165/10 + (-1)/2?
13
Suppose 3*y = 5*n - 15 + 49, -2*y = -3*n - 23. What is the remainder when y is divided by 6?
1
Suppose 111 = 2*d + v, -3*v - 91 = -2*d - 0*v. Calculate the remainder when 263 is divided by d.
51
Let f = 48 - 14. Calculate the remainder when f is divided by 12.
10
Calculate the remainder when -6 + 195 + 2 + 5/(-1) is divided by 48.
42
Let m(b) = -24*b. Let d(n) = -n**2 - 5*n + 8. Let y be d(-6). Let l be m(y). Let t = -5 - l. What is the remainder when t is divided by 11?
10
Let y(j) = -2*j + 3. Let r be y(3). Calculate the remainder when ((-52)/6)/((-6)/9) is divided by 5/r*(-6)/2.
3
Suppose -i = -3*i - 8. Let x = -32 - i. Let y = 40 + x. What is the remainder when 45 is divided by y?
9
Suppose -l = -0*l. Suppose 4*w - w - 222 = l. Calculate the remainder when w is divided by 25.
24
Suppose -3*f + 24 = -3. Suppose 2*g + 2*v - 38 = -0*v, -2*v = -5*g + 130. Calculate the remainder when g is divided by f.
6
Let b = -12 - -59. What is the remainder when b is divided by 13?
8
Suppose q - 29 = -5*y - 0*q, 0 = -3*q + 12. What is the remainder when 19 is divided by y*3*1/3?
4
Let q = 7 - 5. Suppose -q*b + 37 = -19. Suppose 3 - 13 = -l. Calculate the remainder when b is divided by l.
8
Suppose b + 840 = 5*k, -4*k - 2*b = b - 672. What is the remainder when k is divided by 19?
16
Let s(n) = n**2 + 5*n + 9. Suppose 0 = 5*t + 3*v + 39, 0 = 4*v + 12. What is the remainder when 27 is divided by s(t)?
12
Calculate the remainder when (-6)/(-4)*(-106)/(-3) is divided by (8/12)/((-4)/(-162) + 0).
26
Suppose 3*n - 78 = -2*v, -4*v + 160 = 8*n - 3*n. Let k(r) = 6*r**2 + r - 2. What is the remainder when v is divided by k(2)?
21
Let w = 86 + -55. Calculate the remainder when w is divided by 8.
7
Suppose -50 = -0*d - 5*d. Let p(q) = 2*q**2 + 28*q - 2. Calculate the remainder when p(-15) is divided by d.
8
Let f = 14 + 89. What is the remainder when f is divided by 52?
51
Suppose 0*x - 5*x = -10. Suppose 5*r - 330 = 5*v, 49 = -x*r - v + 190. Calculate the remainder when r is divided by 18.
15
Let d = 5 - -9. Suppose w - 3 = 2. What is the remainder when d is divided by w?
4
Suppose 4*w = 3*w. Calculate the remainder when 11/(w + (-2)/(-2)) is divided by (-57)/(-9) + 1/(-3).
5
Let v(i) be the first derivative of i**3/3 - 7*i**2/2 + 7*i + 2. Calculate the remainder when v(9) is divided by 14.
11
Suppose 0*y = -2*y + 404. Suppose y - 30 = 4*j. What is the remainder when j is divided by 15?
13
Suppose -k + 11 = -0*k. Let w(l) = l**3 - 3*l**2 - 5*l + 7. Calculate the remainder when w(5) is divided by k.
10
Suppose 0*w - 5*w + 5 = 0. What is the remainder when w/5 + (-54)/(-5) is divided by 6?
5
Let j = 4 - -3. Suppose 0*f - 140 = -4*f. Suppose 0 = 4*v - f - 13. What is the remainder when v is divided by j?
5
Suppose -3*b + 31 - 4 = 0. Calculate the remainder when 69 is divided by b.
6
Suppose -7*q + 2*q = -195. What is the remainder when q is divided by 20?
19
What is the remainder when 2 + 0/(-5) + (1 - -57) is divided by 18?
6
Let g(x) = x**2 + x + 97. What is the remainder when g(0) is divided by 20?
17
Suppose -y = 4*c - 101, -c = 2*y - 3*y - 24. Suppose j = -0*j - 256. What is the remainder when ((-9)/(-4))/((-12)/j) is divided by c?
23
Let i(d) = -4*d + 29. Calculate the remainder when i(-18) is divided by 26.
23
Let s = -27 + 39. What is the remainder when 23 is divided by s?
11
Suppose -5*y = 6*n - n - 330, 0 = -2*n - 4*y + 140. What is the remainder when n is divided by 16?
14
What is the remainder when (-14)/(-2)*(3 - 1) is divided by 8?
6
Suppose 4*k = -0 - 4. Calculate the remainder when 52 is divided by 6/3*-9*k.
16
Let i be (-2)/6*-3 - 0. Suppose -5*b = 9 + i. Let x(g) = -13*g + 1. Calculate the remainder when x(b) is divided by 7.
6
Suppose -2*f = -a + 35, 2*a - 3*f + 11 = 79. Suppose 2*w + 34 = 2*k, -3*w = 2*k + a + 40. Let r = w + 35. What is the remainder when 26 is divided by r?
12
Suppose 4*m = m. Suppose v + 61 = 4*u - m*v, 4*v = 4*u - 76. Suppose 9 - 49 = -b. What is the remainder when b is divided by u?
12
Let p = 40 + 38. Let g = 47 - 20. What is the remainder when p is divided by g?
24
Suppose -53 = w - 2*w. Suppose -20*g = -16*g - 108. What is the remainder when w is divided by g?
26
Suppose 44 = 3*k - 1. Calculate the remainder when -1 + 0/1 - -30 is divided by k.
14
Let p(a) = -a**3 - 2*a**2 - a + 1. What is the remainder when 4 is divided by p(-2)?
1
Let x(j) = j**2 - 9*j + 12. Let c(v) = 3*v + 4*v + v. Let a be c(1). What is the remainder when 10 is divided by x(a)?
2
Suppose 2*q - 4 = 6. Calculate the remainder when q is divided by 2.
1
Let d be 1/(0 - 3/18). Let p(u) = -u**2 - 5*u + 7. Let z be p(d). What is the remainder when 10 is divided by 22/4 + z/2?
4
Let y(o) = -14*o + 2. Calculate the remainder when y(-1) is divided by 10.
6
Let f = 4 + -2. Suppose -2*r + 4*d = 10, 2*d + f + 2 = 4*r. Suppose -r*z = -0*z - 12. What is the remainder when 15 is divided by z?
3
Let x be (10/(-4))/(5/(-10)). Suppose 2*s - 4*g = 44, 0*s = -5*s + x*g + 105. What is the remainder when 38 is divided by s?
18
Let w be (-3)/3 - 0 - -3. Calculate the remainder when 34 is divided by ((-36)/(-21))/(w/14).
10
Let c be ((-1)/3)/((-3)/27). Let i be ((-8)/12)/((-1)/c). Suppose i*j - 18 = -2*f - 2*j, 0 = j + 2. What is the remainder when f is divided by 5?
3
Suppose -16 = -4*h, -11 = -n - 3*h + h. Suppose -s + 5*r - 89 = s, -86 = n*s + 2*r. Let b = -18 - s. What is the remainder when 40 is divided by b?
12
Suppose v + 3*v - 44 = 0. What is the remainder when 19 is divided by v?
8
Let i(h) = 24*h + 2. Let o be i(2). Suppose 4*j - o = -j. What is the remainder when 28 is divided by j?
8
Let w(u) = 6*u**2 - 1. Suppose -3*c = 2*c - 20. Suppose -4 = 2*z + 5*v, c*v = -0*z + 2*z - 14. Calculate the remainder when w(-1) is divided by z.
2
Let a = -16 + 19. What is the remainder when 9 is divided by a?
0
Let x = 69 - -25. Calculate the remainder when 12 is divided by x/18 + (-2)/9.
2
What is the remainder when 1*885/30*(0 - -2) is divided by (-82)/(-4) + 3/6?
17
Suppose -7*q + 71 = -34. Calculate the remainder when 26 is divided by q.
11
Let h(m) = m**3 - 3*m**2 - 6*m + 11. What is the remainder when h(5) is divided by 17?
14
What is the remainder when (-246)/(-5) + 3/(-15) is divided by 13?
10
Suppose 0 = 3*t + 3*y - 48, 2*y + 24 = 3*t - 3*y. Let r be (-2 + 2/1)/(-1). Suppose r*w + 5*w = 20. Calculate the remainder when t is divided by w.
1
Let l = -7 - -21. Calculate the remainder when 25 is divided by l.
11
Suppose 97 = 5*b - y - 172, 59 = b + 5*y. What is the remainder when b is divided by 19?
16
Suppose 0 = -4*u + 3*u + 12. Suppose 2*i = -4*l + 30, -3*l = -6*i + 4*i + 58. Calculate the remainder when i is divided by u.
11
Let a(r) = -2*r + r**2 + 4*r + 0*r. What is the remainder when 7 is divided by a(-3)?
1
Suppose -5*c - 15 = -55. What is